2, 37, 10222567
List the prime factors of 1042081313.
7, 13, 659, 17377
What are the prime factors of 142409081?
142409081
List the prime factors of 77573518.
2, 11, 563, 6263
What are the prime factors of 123675456?
2, 3, 644143
List the prime factors of 294499218.
2, 3, 13, 593, 6367
What are the prime factors of 2698501?
13, 251, 827
List the prime factors of 51285545.
5, 2683, 3823
What are the prime factors of 78861625?
5, 630893
What are the prime factors of 504906136?
2, 7, 673, 13397
What are the prime factors of 231731110?
2, 5, 13, 137119
List the prime factors of 500129405.
5, 7433, 13457
List the prime factors of 38534519.
31, 269, 4621
List the prime factors of 70145779.
11, 6376889
What are the prime factors of 2642461141?
2642461141
List the prime factors of 252852771.
3, 31, 43, 53, 1193
List the prime factors of 1219903393.
1219903393
What are the prime factors of 56686386?
2, 3, 19, 26171
What are the prime factors of 27409097?
67, 313, 1307
What are the prime factors of 445906748?
2, 7, 15925241
List the prime factors of 1730387261.
1730387261
List the prime factors of 514040260.
2, 5, 37, 694649
List the prime factors of 1261076007.
3, 43, 271, 36073
What are the prime factors of 104283912?
2, 3, 107, 40609
List the prime factors of 6842215.
5, 1368443
What are the prime factors of 235826921?
11, 43, 498577
List the prime factors of 51306162.
2, 3, 29, 71, 4153
List the prime factors of 208021554.
2, 3, 13, 17, 17431
List the prime factors of 794248775.
5, 613, 51827
What are the prime factors of 2822166157?
37, 76274761
What are the prime factors of 100088141?
100088141
List the prime factors of 1942472497.
7, 43, 223, 673
What are the prime factors of 894143651?
47, 563, 33791
What are the prime factors of 34472876?
2, 1627, 5297
List the prime factors of 71493330.
2, 3, 5, 17, 103, 1361
What are the prime factors of 57807218?
2, 7, 4129087
List the prime factors of 428068479.
3, 23, 1579, 3929
List the prime factors of 106007860.
2, 5, 7, 137, 5527
What are the prime factors of 4398288876?
2, 3, 40724897
What are the prime factors of 401203130?
2, 5, 137, 292849
List the prime factors of 325748572.
2, 3847, 21169
What are the prime factors of 25537245?
3, 5, 23, 74021
What are the prime factors of 5267468674?
2, 13, 83, 263, 9281
List the prime factors of 1269351779.
29, 43770751
List the prime factors of 408319519.
19, 1131079
What are the prime factors of 337275527?
61, 1723, 3209
What are the prime factors of 30436120?
2, 5, 11, 13, 17, 313
What are the prime factors of 1545218497?
773, 881, 2269
What are the prime factors of 2333573700?
2, 3, 5, 107, 139, 523
List the prime factors of 223866543.
3, 1697, 43973
List the prime factors of 552129484.
2, 389, 354839
List the prime factors of 294129861.
3, 19, 29, 61, 2917
List the prime factors of 47022461.
461, 102001
List the prime factors of 1010399545.
5, 23, 149, 58967
List the prime factors of 10806633.
3, 577, 2081
What are the prime factors of 48125800?
2, 5, 41, 5869
List the prime factors of 69044108.
2, 7, 409, 6029
What are the prime factors of 49304184?
2, 3, 2054341
What are the prime factors of 838240377?
3, 13, 163, 131861
What are the prime factors of 4660781604?
2, 3, 5393, 72019
What are the prime factors of 70497276?
2, 3, 109, 53897
List the prime factors of 304363666.
2, 4093, 37181
List the prime factors of 510601985.
5, 29, 223, 15791
What are the prime factors of 415304275?
5, 16612171
List the prime factors of 5001743082.
2, 3, 7, 2851, 41771
List the prime factors of 91911334.
2, 199, 230933
What are the prime factors of 39040114?
2, 19520057
List the prime factors of 4562667.
3, 506963
List the prime factors of 132213204.
2, 3, 29, 126641
List the prime factors of 21633659.
271, 79829
What are the prime factors of 14243144?
2, 17, 104729
List the prime factors of 804338162.
2, 97, 4146073
List the prime factors of 272876676.
2, 3, 157, 144839
What are the prime factors of 375645681?
3, 171763
List the prime factors of 150242956.
2, 19, 269, 7349
What are the prime factors of 263141027?
263141027
List the prime factors of 122595872.
2, 7, 263, 2081
List the prime factors of 41917300.
2, 5, 37, 11329
List the prime factors of 798921499.
798921499
What are the prime factors of 374591888?
2, 11, 631, 3373
What are the prime factors of 3015770632?
2, 7, 53853047
What are the prime factors of 797092241?
11, 1471, 49261
List the prime factors of 7118369092.
2, 1779592273
What are the prime factors of 479402151?
3, 159800717
What are the prime factors of 597951065?
5, 119590213
What are the prime factors of 120547381?
19, 6344599
What are the prime factors of 732817036?
2, 7, 2689, 9733
What are the prime factors of 88490714?
2, 13, 19, 271, 661
List the prime factors of 40651782.
2, 3, 797, 8501
List the prime factors of 1522332690.
2, 3, 5, 919, 55217
What are the prime factors of 857878138?
2, 13, 2538101
What are the prime factors of 1315843061?
13, 17, 5954041
What are the prime factors of 53412768?
2, 3, 191, 971
What are the prime factors of 188176361?
19, 9904019
List the prime factors of 211104014.
2, 11, 9595637
What are the prime factors of 371409916?
2, 149, 623171
List the prime factors of 24430669.
23, 1062203
What are the prime factors of 3558872699?
3558872699
List the prime factors of 160274384.
2, 10017149
What are the prime factors of 311901634?
2, 11, 1019, 13913
What are the prime factors of 82597550?
2, 5, 7, 409, 577
What are the prime factors of 686913571?
107, 571, 11243
List the prime factors of 895294420.
2, 5, 337, 132833
List the prime factors of 1383327.
3, 11, 89, 157
What are the prime factors of 99705477?
3, 1601, 20759
List the prime factors of 66810369.
3, 53, 420191
List the prime factors of 17895121.
211, 84811
What are the prime factors of 70923498?
2, 3, 3187, 3709
What are the prime factors of 27826398?
2, 3, 1545911
List the prime factors of 276134035.
5, 349, 158243
List the prime factors of 2731944084.
2, 3, 97, 2347031
List the prime factors of 740077836.
2, 3, 137, 450169
List the prime factors of 326515432.
2, 61, 669089
What are the prime factors of 4091144194?
2, 2447, 835951
List the prime factors of 489297982.
2, 2531, 96661
List the prime factors of 37319268.
2, 3, 7, 19, 67, 349
What are the prime factors of 32421431?
7, 17, 272449
What are the prime factors of 154512352?
2, 1789, 2699
List the prime factors of 2799705106.
2, 11, 127259323
What are the prime factors of 528983701?
528983701
List the prime factors of 59822532.
2, 3, 7, 11, 3083
What are the prime factors of 3878783501?
1811, 2141791
What are the prime factors of 22047125?
5, 19, 9283
List the prime factors of 7000695.
3, 5, 13, 3989
What are the prime factors of 1615155134?
2, 807577567
List the prime factors of 3665126557.
163, 499, 45061
List the prime factors of 1196832387.
3, 167, 2388887
What are the prime factors of 269847005?
5, 557, 96893
What are the prime factors of 40995382?
2, 20497691
What are the prime factors of 1689988640?
2, 5, 479, 22051
What are the prime factors of 325606877?
467, 1493
List the prime factors of 30545070.
2, 3, 5, 109, 9341
What are the prime factors of 6419774?
2, 3209887
List the prime factors of 181228730.
2, 5, 23, 53, 14867
List the prime factors of 370756644.
2, 3, 30896387
List the prime factors of 842651167.
842651167
What are the prime factors of 2601653216?
2, 81301663
What are the prime factors of 33762198?
2, 3, 2309, 2437
What are the prime factors of 394318902?
2, 3, 4519, 14543
What are the prime factors of 62408611?
31, 2013181
List the prime factors of 44984377.
44984377
List the prime factors of 24748718.
2, 12374359
What are the prime factors of 12053181?
3, 7, 89, 6449
What are the prime factors of 189391693?
1109, 170777
What are the prime factors of 281795784?
2, 3, 29, 113, 3583
List the prime factors of 1976225127.
3, 12109, 54401
List the prime factors of 2897791204.
2, 7, 11, 47, 28597
List the prime factors of 853546932.
2, 3, 7, 31, 37, 2953
List the prime factors of 264474042.
2, 3, 7, 2347, 2683
What are the prime factors of 463272864?
2, 3, 4825759
List the prime factors of 3266453521.
59, 107, 517417
What are the prime factors of 69515034?
2, 3, 19, 609781
List the